te the highest common factor of 8051 and 4067.
83
Calculate the greatest common factor of 11 and 39743.
11
What is the greatest common divisor of 27897 and 204?
51
What is the highest common divisor of 5321 and 27857?
313
Calculate the greatest common divisor of 144 and 894.
6
What is the highest common factor of 84341 and 15633?
193
What is the highest common divisor of 50 and 269?
1
What is the highest common divisor of 700 and 1575?
175
Calculate the greatest common divisor of 372 and 3279924.
372
Calculate the highest common divisor of 13871 and 7293.
143
Calculate the highest common divisor of 184 and 8907992.
184
What is the greatest common divisor of 5417218 and 134?
134
What is the highest common divisor of 79430 and 470?
470
Calculate the highest common divisor of 2016 and 2772.
252
What is the highest common factor of 1045836 and 5544?
396
Calculate the greatest common divisor of 147 and 103359.
3
Calculate the greatest common divisor of 690 and 917355.
345
What is the greatest common divisor of 64 and 86248?
8
Calculate the greatest common divisor of 3 and 11721.
3
Calculate the greatest common factor of 1508 and 51388.
116
Calculate the highest common factor of 26847 and 3.
3
Calculate the highest common factor of 5148 and 336006.
198
What is the highest common factor of 1703904 and 288?
96
Calculate the greatest common divisor of 10481020 and 484.
484
Calculate the greatest common factor of 74 and 41440.
74
What is the greatest common divisor of 25737 and 368151?
1119
Calculate the highest common divisor of 896 and 313376.
224
Calculate the greatest common divisor of 282 and 15.
3
What is the highest common divisor of 2775528 and 72?
72
Calculate the greatest common factor of 2752 and 9280.
64
Calculate the greatest common divisor of 12900 and 204.
12
Calculate the highest common factor of 375434 and 58.
58
Calculate the greatest common factor of 15744 and 720.
48
What is the greatest common factor of 440 and 252?
4
Calculate the greatest common divisor of 461035 and 665.
95
Calculate the highest common factor of 174 and 708876.
174
What is the highest common divisor of 262 and 32881?
131
What is the greatest common factor of 228 and 19988?
76
Calculate the greatest common divisor of 2634360 and 870.
870
Calculate the greatest common divisor of 704336 and 64.
16
What is the greatest common divisor of 39143 and 26?
13
Calculate the greatest common divisor of 6514088 and 28.
28
Calculate the highest common divisor of 16839985 and 19.
19
What is the highest common factor of 3963400 and 19?
19
What is the greatest common divisor of 466368 and 13440?
1344
What is the greatest common divisor of 90 and 905?
5
Calculate the greatest common divisor of 27 and 86283.
9
Calculate the greatest common divisor of 610 and 27572.
122
Calculate the highest common divisor of 65 and 9217.
13
What is the highest common divisor of 1401 and 1125?
3
What is the greatest common divisor of 44515 and 232?
29
What is the highest common divisor of 35 and 81011?
7
Calculate the greatest common factor of 1685621 and 339.
113
What is the highest common factor of 2645 and 78821?
529
Calculate the highest common divisor of 545967 and 1108.
277
What is the highest common factor of 160563 and 7935?
69
Calculate the highest common divisor of 10 and 183224.
2
What is the highest common divisor of 367 and 10342794?
367
What is the greatest common factor of 44055 and 2035?
55
What is the highest common factor of 297136 and 758?
758
Calculate the greatest common divisor of 1892 and 6149.
473
Calculate the highest common divisor of 2646 and 18424.
98
What is the greatest common divisor of 11 and 50974?
11
Calculate the highest common divisor of 191074 and 52.
26
What is the greatest common factor of 22536 and 504?
72
What is the greatest common factor of 390 and 1965795?
195
Calculate the highest common divisor of 59462 and 52.
26
What is the highest common divisor of 234 and 457074?
18
What is the highest common factor of 47400 and 13200?
600
What is the highest common divisor of 13 and 6363227?
13
Calculate the highest common factor of 155946 and 1128.
282
What is the greatest common factor of 13539019 and 299?
299
Calculate the highest common factor of 16 and 173776.
16
Calculate the highest common factor of 20299 and 318.
53
Calculate the greatest common divisor of 851 and 4736.
37
What is the greatest common factor of 367 and 22?
1
What is the highest common factor of 183933 and 535?
107
What is the highest common divisor of 1752180 and 532?
76
What is the greatest common factor of 550 and 109370?
10
What is the greatest common factor of 10639 and 1?
1
Calculate the highest common divisor of 585 and 810.
45
What is the greatest common divisor of 3526 and 1312?
82
What is the greatest common divisor of 49098 and 2646?
294
Calculate the highest common factor of 2730 and 400218.
546
What is the highest common factor of 604 and 34579?
151
What is the highest common divisor of 54 and 25128?
18
What is the greatest common divisor of 49364 and 21371?
301
Calculate the highest common divisor of 58581 and 1242.
207
Calculate the greatest common factor of 21044 and 16.
4
What is the greatest common factor of 106368 and 3648?
192
Calculate the highest common factor of 120925 and 525.
175
Calculate the highest common factor of 5634 and 64782.
18
Calculate the highest common factor of 9 and 1577673.
9
Calculate the highest common factor of 4 and 2021152.
4
What is the greatest common divisor of 3795 and 1470?
15
What is the greatest common factor of 46247 and 2163?
103
What is the greatest common factor of 8382 and 6477?
381
What is the greatest common factor of 5086029 and 39?
39
Calculate the greatest common factor of 136 and 1520.
8
Calculate the highest common divisor of 6245 and 1870.
5
Calculate the greatest common factor of 64838 and 714.
34
What is the highest common factor of 48 and 741648?
48
What is the highest common factor of 87122 and 145796?
1778
Calculate the highest common factor of 24 and 54664.
8
Calculate the greatest common factor of 437895 and 1295.
185
Calculate the highest common factor of 1122 and 6919.
187
What is the greatest common divisor of 6396 and 7956?
156
What is the highest common factor of 39696 and 368?
16
What is the highest common factor of 242411 and 754?
377
Calculate the greatest common factor of 162093 and 213.
213
What is the highest common factor of 251700 and 4800?
300
What is the highest common divisor of 35912 and 8?
8
What is the greatest common divisor of 31359 and 3?
3
Calculate the highest common divisor of 28 and 13534514.
14
What is the highest common factor of 2535520 and 26?
26
Calculate the greatest common divisor of 234004 and 95.
19
What is the greatest common factor of 75 and 138135?
15
Calculate the highest common divisor of 170 and 15725.
85
Calculate the greatest common divisor of 238 and 12308.
34
What is the greatest common factor of 5 and 60630?
5
Calculate the greatest common factor of 12 and 7515.
3
Calculate the greatest common divisor of 66 and 303721.
11
Calculate the greatest common divisor of 2493500 and 500.
500
Calculate the highest common factor of 801 and 6813.
9
What is the highest common factor of 6877 and 299?
299
Calculate the highest common divisor of 297 and 3003.
33
What is the highest common divisor of 27664 and 25844?
364
What is the greatest common factor of 315838 and 67?
67
What is the highest common divisor of 119020 and 322436?
2164
What is the greatest common divisor of 36372 and 2436?
84
Calculate the greatest common divisor of 11776 and 832.
64
What is the greatest common divisor of 103 and 3179713?
103
Calculate the greatest common divisor of 35881 and 18279.
677
What is the highest common divisor of 233082 and 180?
18
Calculate the highest common factor of 258 and 13029.
129
What is the greatest common divisor of 329530 and 620?
310
What is the highest common divisor of 7825 and 15337?
313
What is the highest common divisor of 426 and 4118?
142
Calculate the highest common factor of 1545 and 7635.
15
What is the highest common divisor of 134607 and 66?
33
Calculate the highest common factor of 26982 and 144.
18
What is the highest common factor of 19 and 82631?
19
What is the high